{"id":34,"date":"2019-12-30T11:00:09","date_gmt":"2019-12-30T10:00:09","guid":{"rendered":"http:\/\/www.haider-atb.at\/?page_id=34"},"modified":"2024-10-17T11:26:09","modified_gmt":"2024-10-17T09:26:09","slug":"kontakt","status":"publish","type":"page","link":"https:\/\/www.haider-atb.at\/?page_id=34","title":{"rendered":"Kontakt"},"content":{"rendered":"\n<div class=\"wp-block-columns is-layout-flex wp-container-core-columns-is-layout-1 wp-block-columns-is-layout-flex\">\n<div class=\"wp-block-column is-layout-flow wp-block-column-is-layout-flow\">\n<div class=\"wp-block-group\"><div class=\"wp-block-group__inner-container is-layout-flow wp-block-group-is-layout-flow\">\n<figure class=\"wp-block-image size-large\"><img loading=\"lazy\" decoding=\"async\" width=\"1024\" height=\"768\" src=\"https:\/\/www.haider-atb.at\/wp-content\/uploads\/2022\/09\/P9200274_edited-4-1024x768.jpg\" alt=\"\" class=\"wp-image-753\" srcset=\"https:\/\/www.haider-atb.at\/wp-content\/uploads\/2022\/09\/P9200274_edited-4-1024x768.jpg 1024w, https:\/\/www.haider-atb.at\/wp-content\/uploads\/2022\/09\/P9200274_edited-4-300x225.jpg 300w, https:\/\/www.haider-atb.at\/wp-content\/uploads\/2022\/09\/P9200274_edited-4-768x576.jpg 768w, https:\/\/www.haider-atb.at\/wp-content\/uploads\/2022\/09\/P9200274_edited-4-1536x1152.jpg 1536w, https:\/\/www.haider-atb.at\/wp-content\/uploads\/2022\/09\/P9200274_edited-4-2048x1536.jpg 2048w\" sizes=\"auto, (max-width: 1024px) 100vw, 1024px\" \/><figcaption class=\"wp-element-caption\">Empfangsbereich<\/figcaption><\/figure>\n\n\n\n<figure class=\"wp-block-image size-large\"><img loading=\"lazy\" decoding=\"async\" width=\"2560\" height=\"1920\" src=\"https:\/\/www.haider-atb.at\/wp-content\/uploads\/2022\/09\/P9200325-5-scaled.jpg\" alt=\"\" class=\"wp-image-757\" srcset=\"https:\/\/www.haider-atb.at\/wp-content\/uploads\/2022\/09\/P9200325-5-scaled.jpg 2560w, https:\/\/www.haider-atb.at\/wp-content\/uploads\/2022\/09\/P9200325-5-300x225.jpg 300w, https:\/\/www.haider-atb.at\/wp-content\/uploads\/2022\/09\/P9200325-5-1024x768.jpg 1024w, https:\/\/www.haider-atb.at\/wp-content\/uploads\/2022\/09\/P9200325-5-768x576.jpg 768w, https:\/\/www.haider-atb.at\/wp-content\/uploads\/2022\/09\/P9200325-5-1536x1152.jpg 1536w, https:\/\/www.haider-atb.at\/wp-content\/uploads\/2022\/09\/P9200325-5-2048x1536.jpg 2048w\" sizes=\"auto, (max-width: 2560px) 100vw, 2560px\" \/><figcaption class=\"wp-element-caption\">Unser B\u00fcrogeb\u00e4ude<\/figcaption><\/figure>\n<\/div><\/div>\n<\/div>\n\n\n\n<div class=\"wp-block-column is-layout-flow wp-block-column-is-layout-flow\">\n<h3 class=\"wp-block-heading\"><strong>Haider ATB GmbH<\/strong><\/h3>\n\n\n\n<p>Mistlberg 98<br>4284 Tragwein<br>\u00d6sterreich<br><br><strong>B\u00fcro<br><\/strong>Tel.: 07263\/86 0 54<br>WhatsApp: 07263\/86 0 54<\/p>\n\n\n\n<p>Mail:\u00a0<a href=\"mailto:office@haider-atb.at\">office@haider-atb.at<\/a><br><br><strong>Verkauf<br><\/strong>Tel.: 07263\/86 0 54-12<br>Mail:\u00a0<a href=\"mailto:verkauf@haider-atb.at\">verkauf@haider-atb.at<\/a> <br><br><strong>Extra \u00d6ffnungszeiten f\u00fcr Verkauf<\/strong>:<br>Besichtigungstermine nur nach telefonischer Vereinbarung! Auch au\u00dferhalb der \u00d6ffnungszeiten sowie an Sam-, Sonn- und Feiertagen m\u00f6glich! <br>07263\/86054-12<\/p>\n\n\n\n<div style=\"height:20px\" aria-hidden=\"true\" class=\"wp-block-spacer\"><\/div>\n\n\n\n<p> <strong>\u00d6ffnungszeiten:<\/strong><br> Mo: 7\u201312 Uhr,  12:30\u201317 Uhr<br> Di:  7\u201312 Uhr,   12:30\u201317 Uhr <br> Mi:  7\u201312 Uhr,  12:30\u201317 Uhr  <br> Do:  7\u201312 Uhr,  12:30\u201317 Uhr <br> Fr:  7\u201313 Uhr<br> <\/p>\n\n\n\n<p>Firmenbuchnummer: FN411725d<br>Firmenbuchgericht Linz<br>Rechtsform: GmbH<br>UID-Nr.: ATU68540199<br>Bankverbindung: Sparkasse Pregarten-Unterwei\u00dfenbach<br>IBAN: AT09 2033 1001 0010 6103<br>BIC: SPPRAT21XXX <\/p>\n<\/div>\n<\/div>\n","protected":false},"excerpt":{"rendered":"<p>Haider ATB GmbH Mistlberg 984284 Tragwein\u00d6sterreich B\u00fcroTel.: 07263\/86 0 54WhatsApp: 07263\/86 0 54 Mail:\u00a0office@haider-atb.at VerkaufTel.: 07263\/86 0 54-12Mail:\u00a0verkauf@haider-atb.at Extra \u00d6ffnungszeiten f\u00fcr Verkauf:Besichtigungstermine nur nach telefonischer Vereinbarung! Auch au\u00dferhalb der \u00d6ffnungszeiten sowie an Sam-, Sonn- und Feiertagen m\u00f6glich! 07263\/86054-12 \u00d6ffnungszeiten: Mo: 7\u201312 Uhr, 12:30\u201317 Uhr Di: 7\u201312 Uhr, 12:30\u201317 Uhr Mi: 7\u201312 Uhr, 12:30\u201317 Uhr Do: [&hellip;]<\/p>\n","protected":false},"author":1,"featured_media":0,"parent":0,"menu_order":0,"comment_status":"closed","ping_status":"closed","template":"","meta":{"footnotes":""},"class_list":["post-34","page","type-page","status-publish","hentry"],"_links":{"self":[{"href":"https:\/\/www.haider-atb.at\/index.php?rest_route=\/wp\/v2\/pages\/34","targetHints":{"allow":["GET"]}}],"collection":[{"href":"https:\/\/www.haider-atb.at\/index.php?rest_route=\/wp\/v2\/pages"}],"about":[{"href":"https:\/\/www.haider-atb.at\/index.php?rest_route=\/wp\/v2\/types\/page"}],"author":[{"embeddable":true,"href":"https:\/\/www.haider-atb.at\/index.php?rest_route=\/wp\/v2\/users\/1"}],"replies":[{"embeddable":true,"href":"https:\/\/www.haider-atb.at\/index.php?rest_route=%2Fwp%2Fv2%2Fcomments&post=34"}],"version-history":[{"count":22,"href":"https:\/\/www.haider-atb.at\/index.php?rest_route=\/wp\/v2\/pages\/34\/revisions"}],"predecessor-version":[{"id":972,"href":"https:\/\/www.haider-atb.at\/index.php?rest_route=\/wp\/v2\/pages\/34\/revisions\/972"}],"wp:attachment":[{"href":"https:\/\/www.haider-atb.at\/index.php?rest_route=%2Fwp%2Fv2%2Fmedia&parent=34"}],"curies":[{"name":"wp","href":"https:\/\/api.w.org\/{rel}","templated":true}]}}