{"id":26,"date":"2019-12-30T10:57:27","date_gmt":"2019-12-30T09:57:27","guid":{"rendered":"http:\/\/www.haider-atb.at\/?page_id=26"},"modified":"2022-09-27T11:52:53","modified_gmt":"2022-09-27T09:52:53","slug":"kfz-spenglerei","status":"publish","type":"page","link":"https:\/\/www.haider-atb.at\/?page_id=26","title":{"rendered":"KFZ-Spenglerei"},"content":{"rendered":"\n<div style=\"height:20px\" aria-hidden=\"true\" class=\"wp-block-spacer\"><\/div>\n\n\n\n<div class=\"wp-block-columns is-layout-flex wp-container-core-columns-is-layout-2 wp-block-columns-is-layout-flex\">\n<div class=\"wp-block-column is-layout-flow wp-block-column-is-layout-flow\" style=\"flex-basis:100%\">\n<div class=\"wp-block-columns has-background is-layout-flex wp-container-core-columns-is-layout-1 wp-block-columns-is-layout-flex\" style=\"background-color:#eff2f4\">\n<div class=\"wp-block-column is-layout-flow wp-block-column-is-layout-flow\" style=\"flex-basis:60%\">\n<h2 class=\"wp-block-heading\"><strong>Unsere Leistungen<\/strong><\/h2>\n\n\n\n<div style=\"height:20px\" aria-hidden=\"true\" class=\"wp-block-spacer\"><\/div>\n\n\n\n<ol class=\"wp-block-list\"><li><strong>Lackierarbeiten<\/strong><br>Ganz- oder Teillackierungen, Rostausbesserungen, Anbringen von KFZ-Beschriftungen<\/li><li><strong>Reparatur von Blech- und Hagelsch\u00e4den<\/strong><\/li><li><strong>Unterboden- und Hohlraumschutzversiegelung<\/strong>  <\/li><li><strong>Montage von Zubeh\u00f6r (zB Anh\u00e4ngekupplung)<\/strong> <\/li><\/ol>\n<\/div>\n\n\n\n<div class=\"wp-block-column is-layout-flow wp-block-column-is-layout-flow\">\n<figure class=\"wp-block-gallery has-nested-images columns-default is-cropped wp-block-gallery-1 is-layout-flex wp-block-gallery-is-layout-flex\">\n<figure class=\"wp-block-image size-large\"><a href=\"https:\/\/www.haider-atb.at\/wp-content\/uploads\/2022\/09\/P9200377-scaled.jpg\" target=\"_blank\" rel=\"noopener\"><img loading=\"lazy\" decoding=\"async\" width=\"768\" height=\"1024\" src=\"https:\/\/www.haider-atb.at\/wp-content\/uploads\/2022\/09\/P9200377-768x1024.jpg\" alt=\"\" class=\"wp-image-705\" srcset=\"https:\/\/www.haider-atb.at\/wp-content\/uploads\/2022\/09\/P9200377-768x1024.jpg 768w, https:\/\/www.haider-atb.at\/wp-content\/uploads\/2022\/09\/P9200377-225x300.jpg 225w, https:\/\/www.haider-atb.at\/wp-content\/uploads\/2022\/09\/P9200377-1152x1536.jpg 1152w, https:\/\/www.haider-atb.at\/wp-content\/uploads\/2022\/09\/P9200377-1536x2048.jpg 1536w, https:\/\/www.haider-atb.at\/wp-content\/uploads\/2022\/09\/P9200377-scaled.jpg 1920w\" sizes=\"auto, (max-width: 768px) 100vw, 768px\" \/><\/a><\/figure>\n\n\n\n<figure class=\"wp-block-image size-large\"><a href=\"https:\/\/www.haider-atb.at\/wp-content\/uploads\/2022\/09\/P9200414-scaled.jpg\" target=\"_blank\" rel=\"noopener\"><img loading=\"lazy\" decoding=\"async\" width=\"1024\" height=\"768\" src=\"https:\/\/www.haider-atb.at\/wp-content\/uploads\/2022\/09\/P9200414-1024x768.jpg\" alt=\"\" class=\"wp-image-706\" srcset=\"https:\/\/www.haider-atb.at\/wp-content\/uploads\/2022\/09\/P9200414-1024x768.jpg 1024w, https:\/\/www.haider-atb.at\/wp-content\/uploads\/2022\/09\/P9200414-300x225.jpg 300w, https:\/\/www.haider-atb.at\/wp-content\/uploads\/2022\/09\/P9200414-768x576.jpg 768w, https:\/\/www.haider-atb.at\/wp-content\/uploads\/2022\/09\/P9200414-1536x1152.jpg 1536w, https:\/\/www.haider-atb.at\/wp-content\/uploads\/2022\/09\/P9200414-2048x1536.jpg 2048w\" sizes=\"auto, (max-width: 1024px) 100vw, 1024px\" \/><\/a><\/figure>\n\n\n\n<figure class=\"wp-block-image size-large\"><a href=\"https:\/\/www.haider-atb.at\/wp-content\/uploads\/2022\/09\/P9200400-scaled.jpg\" target=\"_blank\" rel=\"noopener\"><img loading=\"lazy\" decoding=\"async\" width=\"768\" height=\"1024\" src=\"https:\/\/www.haider-atb.at\/wp-content\/uploads\/2022\/09\/P9200400-768x1024.jpg\" alt=\"\" class=\"wp-image-710\" srcset=\"https:\/\/www.haider-atb.at\/wp-content\/uploads\/2022\/09\/P9200400-768x1024.jpg 768w, https:\/\/www.haider-atb.at\/wp-content\/uploads\/2022\/09\/P9200400-225x300.jpg 225w, https:\/\/www.haider-atb.at\/wp-content\/uploads\/2022\/09\/P9200400-1152x1536.jpg 1152w, https:\/\/www.haider-atb.at\/wp-content\/uploads\/2022\/09\/P9200400-1536x2048.jpg 1536w, https:\/\/www.haider-atb.at\/wp-content\/uploads\/2022\/09\/P9200400-scaled.jpg 1920w\" sizes=\"auto, (max-width: 768px) 100vw, 768px\" \/><\/a><\/figure>\n<figcaption class=\"blocks-gallery-caption\">Unsere Spengler bei der Arbeit<\/figcaption><\/figure>\n\n\n\n<p><\/p>\n<\/div>\n<\/div>\n<\/div>\n<\/div>\n\n\n\n<div style=\"height:80px\" aria-hidden=\"true\" class=\"wp-block-spacer\"><\/div>\n\n\n\n<p><\/p>\n","protected":false},"excerpt":{"rendered":"<p>Unsere Leistungen LackierarbeitenGanz- oder Teillackierungen, Rostausbesserungen, Anbringen von KFZ-Beschriftungen Reparatur von Blech- und Hagelsch\u00e4den Unterboden- und Hohlraumschutzversiegelung Montage von Zubeh\u00f6r (zB Anh\u00e4ngekupplung)<\/p>\n","protected":false},"author":1,"featured_media":695,"parent":0,"menu_order":0,"comment_status":"closed","ping_status":"closed","template":"","meta":{"footnotes":""},"class_list":["post-26","page","type-page","status-publish","has-post-thumbnail","hentry"],"_links":{"self":[{"href":"https:\/\/www.haider-atb.at\/index.php?rest_route=\/wp\/v2\/pages\/26","targetHints":{"allow":["GET"]}}],"collection":[{"href":"https:\/\/www.haider-atb.at\/index.php?rest_route=\/wp\/v2\/pages"}],"about":[{"href":"https:\/\/www.haider-atb.at\/index.php?rest_route=\/wp\/v2\/types\/page"}],"author":[{"embeddable":true,"href":"https:\/\/www.haider-atb.at\/index.php?rest_route=\/wp\/v2\/users\/1"}],"replies":[{"embeddable":true,"href":"https:\/\/www.haider-atb.at\/index.php?rest_route=%2Fwp%2Fv2%2Fcomments&post=26"}],"version-history":[{"count":12,"href":"https:\/\/www.haider-atb.at\/index.php?rest_route=\/wp\/v2\/pages\/26\/revisions"}],"predecessor-version":[{"id":712,"href":"https:\/\/www.haider-atb.at\/index.php?rest_route=\/wp\/v2\/pages\/26\/revisions\/712"}],"wp:featuredmedia":[{"embeddable":true,"href":"https:\/\/www.haider-atb.at\/index.php?rest_route=\/wp\/v2\/media\/695"}],"wp:attachment":[{"href":"https:\/\/www.haider-atb.at\/index.php?rest_route=%2Fwp%2Fv2%2Fmedia&parent=26"}],"curies":[{"name":"wp","href":"https:\/\/api.w.org\/{rel}","templated":true}]}}