{"id":19,"date":"2019-12-30T10:50:49","date_gmt":"2019-12-30T09:50:49","guid":{"rendered":"http:\/\/www.haider-atb.at\/?page_id=19"},"modified":"2022-09-27T11:53:50","modified_gmt":"2022-09-27T09:53:50","slug":"kfz-meisterwerkstaette","status":"publish","type":"page","link":"https:\/\/www.haider-atb.at\/?page_id=19","title":{"rendered":"KFZ-Meisterwerkst\u00e4tte"},"content":{"rendered":"\n<div style=\"height:20px\" aria-hidden=\"true\" class=\"wp-block-spacer\"><\/div>\n\n\n\n<div class=\"wp-block-columns has-background is-layout-flex wp-container-core-columns-is-layout-1 wp-block-columns-is-layout-flex\" style=\"background-color:#f3f5f7\">\n<div class=\"wp-block-column is-layout-flow wp-block-column-is-layout-flow\">\n<h2 class=\"wp-block-heading\"><strong>Leistungen und Produkte der KFZ-Meisterwerkst\u00e4tte<\/strong>: <\/h2>\n\n\n\n<div style=\"height:20px\" aria-hidden=\"true\" class=\"wp-block-spacer\"><\/div>\n\n\n\n<ul class=\"wp-block-list\"><li>Neu- und Gebrauchtwagenverkauf<\/li><li>Reparatur aller Automarken<\/li><li>Service und KFZ-\u00dcberpr\u00fcfung nach \u00a7 57a \/ Abgasplakette<\/li><li>Glasreparatur bei Steinschl\u00e4gen<\/li><li>Reparatur von Hagelsch\u00e4den<\/li><li>Ersatzteilehandel<\/li><li>Reifen- und Felgenhandel<\/li><li>Reifeneinlagerung<\/li><li>Klimaanlagenservice<\/li><li>Versicherungsabwicklung<\/li><li>Ersatzwagen w\u00e4hrend der Reparatur<\/li><li>professionelle Autoreinigung und -aufbereitung<\/li><li>Hol- und Bringservice <\/li><\/ul>\n<\/div>\n\n\n\n<div class=\"wp-block-column is-layout-flow wp-block-column-is-layout-flow\" style=\"flex-basis:40%\">\n<figure class=\"wp-block-gallery has-nested-images columns-default is-cropped wp-block-gallery-1 is-layout-flex wp-block-gallery-is-layout-flex\">\n<figure class=\"wp-block-image size-full\"><a href=\"https:\/\/www.haider-atb.at\/wp-content\/uploads\/2022\/09\/P9200368-scaled.jpg\" target=\"_blank\" rel=\"noopener\"><img loading=\"lazy\" decoding=\"async\" width=\"1920\" height=\"2560\" src=\"https:\/\/www.haider-atb.at\/wp-content\/uploads\/2022\/09\/P9200368-scaled.jpg\" alt=\"\" class=\"wp-image-692\" srcset=\"https:\/\/www.haider-atb.at\/wp-content\/uploads\/2022\/09\/P9200368-scaled.jpg 1920w, https:\/\/www.haider-atb.at\/wp-content\/uploads\/2022\/09\/P9200368-225x300.jpg 225w\" sizes=\"auto, (max-width: 1920px) 100vw, 1920px\" \/><\/a><figcaption>Reifenmontage<\/figcaption><\/figure>\n\n\n\n<figure class=\"wp-block-image size-large\"><a href=\"https:\/\/www.haider-atb.at\/wp-content\/uploads\/2022\/09\/P9200342-scaled.jpg\" target=\"_blank\" rel=\"noopener\"><img loading=\"lazy\" decoding=\"async\" width=\"768\" height=\"1024\" src=\"https:\/\/www.haider-atb.at\/wp-content\/uploads\/2022\/09\/P9200342-768x1024.jpg\" alt=\"\" class=\"wp-image-693\" srcset=\"https:\/\/www.haider-atb.at\/wp-content\/uploads\/2022\/09\/P9200342-768x1024.jpg 768w, https:\/\/www.haider-atb.at\/wp-content\/uploads\/2022\/09\/P9200342-225x300.jpg 225w, https:\/\/www.haider-atb.at\/wp-content\/uploads\/2022\/09\/P9200342-1152x1536.jpg 1152w, https:\/\/www.haider-atb.at\/wp-content\/uploads\/2022\/09\/P9200342-1536x2048.jpg 1536w, https:\/\/www.haider-atb.at\/wp-content\/uploads\/2022\/09\/P9200342-scaled.jpg 1920w\" sizes=\"auto, (max-width: 768px) 100vw, 768px\" \/><\/a><figcaption>Bei der Reperatur<\/figcaption><\/figure>\n\n\n\n<figure class=\"wp-block-image size-large\"><a href=\"https:\/\/www.haider-atb.at\/wp-content\/uploads\/2022\/09\/P9200350-scaled.jpg\" target=\"_blank\" rel=\"noopener\"><img loading=\"lazy\" decoding=\"async\" width=\"768\" height=\"1024\" src=\"https:\/\/www.haider-atb.at\/wp-content\/uploads\/2022\/09\/P9200350-768x1024.jpg\" alt=\"\" class=\"wp-image-691\" srcset=\"https:\/\/www.haider-atb.at\/wp-content\/uploads\/2022\/09\/P9200350-768x1024.jpg 768w, https:\/\/www.haider-atb.at\/wp-content\/uploads\/2022\/09\/P9200350-225x300.jpg 225w, https:\/\/www.haider-atb.at\/wp-content\/uploads\/2022\/09\/P9200350-1152x1536.jpg 1152w, https:\/\/www.haider-atb.at\/wp-content\/uploads\/2022\/09\/P9200350-1536x2048.jpg 1536w, https:\/\/www.haider-atb.at\/wp-content\/uploads\/2022\/09\/P9200350-scaled.jpg 1920w\" sizes=\"auto, (max-width: 768px) 100vw, 768px\" \/><\/a><figcaption>Diagnose<\/figcaption><\/figure>\n\n\n\n<figure class=\"wp-block-image size-large\"><a href=\"https:\/\/www.haider-atb.at\/wp-content\/uploads\/2022\/09\/P9200327-1-scaled.jpg\" target=\"_blank\" rel=\"noopener\"><img loading=\"lazy\" decoding=\"async\" width=\"1024\" height=\"768\" src=\"https:\/\/www.haider-atb.at\/wp-content\/uploads\/2022\/09\/P9200327-1-1024x768.jpg\" alt=\"\" class=\"wp-image-699\" srcset=\"https:\/\/www.haider-atb.at\/wp-content\/uploads\/2022\/09\/P9200327-1-1024x768.jpg 1024w, https:\/\/www.haider-atb.at\/wp-content\/uploads\/2022\/09\/P9200327-1-300x225.jpg 300w, https:\/\/www.haider-atb.at\/wp-content\/uploads\/2022\/09\/P9200327-1-768x576.jpg 768w, https:\/\/www.haider-atb.at\/wp-content\/uploads\/2022\/09\/P9200327-1-1536x1152.jpg 1536w, https:\/\/www.haider-atb.at\/wp-content\/uploads\/2022\/09\/P9200327-1-2048x1536.jpg 2048w\" sizes=\"auto, (max-width: 1024px) 100vw, 1024px\" \/><\/a><figcaption>Au\u00dfenansicht<\/figcaption><\/figure>\n\n\n\n<figure class=\"wp-block-image size-large\"><a href=\"https:\/\/www.haider-atb.at\/wp-content\/uploads\/2022\/09\/P9200426-scaled.jpg\" target=\"_blank\" rel=\"noopener\"><img loading=\"lazy\" decoding=\"async\" width=\"768\" height=\"1024\" src=\"https:\/\/www.haider-atb.at\/wp-content\/uploads\/2022\/09\/P9200426-768x1024.jpg\" alt=\"\" class=\"wp-image-701\" srcset=\"https:\/\/www.haider-atb.at\/wp-content\/uploads\/2022\/09\/P9200426-768x1024.jpg 768w, https:\/\/www.haider-atb.at\/wp-content\/uploads\/2022\/09\/P9200426-225x300.jpg 225w, https:\/\/www.haider-atb.at\/wp-content\/uploads\/2022\/09\/P9200426-1152x1536.jpg 1152w, https:\/\/www.haider-atb.at\/wp-content\/uploads\/2022\/09\/P9200426-1536x2048.jpg 1536w, https:\/\/www.haider-atb.at\/wp-content\/uploads\/2022\/09\/P9200426-scaled.jpg 1920w\" sizes=\"auto, (max-width: 768px) 100vw, 768px\" \/><\/a><figcaption>Vorbesprechung<\/figcaption><\/figure>\n<figcaption class=\"blocks-gallery-caption\">Unsere Mitarbeiter bei der Arbeit<\/figcaption><\/figure>\n<\/div>\n<\/div>\n\n\n\n<p><\/p>\n","protected":false},"excerpt":{"rendered":"<p>Leistungen und Produkte der KFZ-Meisterwerkst\u00e4tte: Neu- und Gebrauchtwagenverkauf Reparatur aller Automarken Service und KFZ-\u00dcberpr\u00fcfung nach \u00a7 57a \/ Abgasplakette Glasreparatur bei Steinschl\u00e4gen Reparatur von Hagelsch\u00e4den Ersatzteilehandel Reifen- und Felgenhandel Reifeneinlagerung Klimaanlagenservice Versicherungsabwicklung Ersatzwagen w\u00e4hrend der Reparatur professionelle Autoreinigung und -aufbereitung Hol- und Bringservice<\/p>\n","protected":false},"author":1,"featured_media":683,"parent":0,"menu_order":0,"comment_status":"closed","ping_status":"closed","template":"","meta":{"footnotes":""},"class_list":["post-19","page","type-page","status-publish","has-post-thumbnail","hentry"],"_links":{"self":[{"href":"https:\/\/www.haider-atb.at\/index.php?rest_route=\/wp\/v2\/pages\/19","targetHints":{"allow":["GET"]}}],"collection":[{"href":"https:\/\/www.haider-atb.at\/index.php?rest_route=\/wp\/v2\/pages"}],"about":[{"href":"https:\/\/www.haider-atb.at\/index.php?rest_route=\/wp\/v2\/types\/page"}],"author":[{"embeddable":true,"href":"https:\/\/www.haider-atb.at\/index.php?rest_route=\/wp\/v2\/users\/1"}],"replies":[{"embeddable":true,"href":"https:\/\/www.haider-atb.at\/index.php?rest_route=%2Fwp%2Fv2%2Fcomments&post=19"}],"version-history":[{"count":13,"href":"https:\/\/www.haider-atb.at\/index.php?rest_route=\/wp\/v2\/pages\/19\/revisions"}],"predecessor-version":[{"id":713,"href":"https:\/\/www.haider-atb.at\/index.php?rest_route=\/wp\/v2\/pages\/19\/revisions\/713"}],"wp:featuredmedia":[{"embeddable":true,"href":"https:\/\/www.haider-atb.at\/index.php?rest_route=\/wp\/v2\/media\/683"}],"wp:attachment":[{"href":"https:\/\/www.haider-atb.at\/index.php?rest_route=%2Fwp%2Fv2%2Fmedia&parent=19"}],"curies":[{"name":"wp","href":"https:\/\/api.w.org\/{rel}","templated":true}]}}